
Let w(h) = 25*h + 6. Give w(0).
6
Let p(f) = 3*f - 11. Calculate p(2).
-5
Let x(j) = -j**2 - 64*j - 352. What is x(-58)?
-4
Let s(m) = -2*m**3 + 3*m**2 + 4*m - 1. What is s(3)?
-16
Let t(o) = o**2 + 11*o - 22. Determine t(2).
4
Let h(b) = -6*b**2 - b. Determine h(-1).
-5
Let t(a) = -12*a - 39. Give t(-3).
-3
Let x(l) = -2*l + 11. Calculate x(6).
-1
Let r(i) = i**2 - 3*i - 6. What is r(11)?
82
Let k(j) = j**2 - 28*j + 41. What is k(26)?
-11
Let w(l) = -l**2 - 10*l - 10. What is w(-8)?
6
Let b(c) = c + 6. Determine b(4).
10
Let c(y) = -y**3 - 8*y**2 - 2*y - 12. Give c(-8).
4
Let d(k) = 2*k + 33. Give d(-9).
15
Let p(u) = 26*u - 5. Give p(2).
47
Let g(c) = -c**2 + 11*c + 4. Calculate g(8).
28
Let b(w) = w**2 + 13*w - 15. Calculate b(-15).
15
Let y(h) = 5*h**2 - 111*h + 29. What is y(22)?
7
Let m(n) = -n**3 + 3*n**2 + 4*n - 4. Give m(4).
-4
Let o(z) = -z**2 + 4*z - 4. Give o(5).
-9
Let x(a) = -a**2 - 20*a - 37. What is x(-15)?
38
Let o(t) = t**2 - 2*t - 2. What is o(-5)?
33
Let t(g) = -g**2 - 3*g + 45. Calculate t(-8).
5
Let p(i) = -2*i + 15. Give p(7).
1
Let q(v) = -v**3 - 15*v**2 + 16*v + 7. Give q(-16).
7
Let h(z) = -4*z + 61. Give h(14).
5
Let d(y) = -y + 20. Give d(-6).
26
Let t(w) = 2*w**2 + 8*w - 11. Calculate t(-7).
31
Let x(q) = -22*q - 1. Give x(1).
-23
Let x(v) = v**3 + 9*v**2 + v + 9. What is x(-9)?
0
Let t(h) = -25*h - 51. Calculate t(-2).
-1
Let u(j) = 5*j + 2. Determine u(-2).
-8
Let u(d) = 3*d**3 - 22*d**2 + d + 23. Calculate u(7).
-19
Let x(w) = -w - 24. What is x(-6)?
-18
Let p(a) = -23*a - 2. Determine p(2).
-48
Let k(b) = 13*b**2 - 9. What is k(2)?
43
Let c(j) = 4*j**3 - j**2 - 2*j - 3. Determine c(-1).
-6
Let q(g) = -5*g + 21. What is q(3)?
6
Let o(h) = 6*h**2 + h + 6. Determine o(0).
6
Let n(x) = 8*x - 11. Calculate n(1).
-3
Let l(a) = -39*a**2 + a + 1. Determine l(-1).
-39
Let m(k) = -3*k + 9. Give m(7).
-12
Let w(i) = i**3 - 4*i**2 - 6*i + 6. Give w(4).
-18
Let a(l) = l**3 + 11*l**2 + 8*l - 20. What is a(-10)?
0
Let k(s) = -12*s + 352. Calculate k(29).
4
Let t(x) = -x**2 + 2*x + 10. Determine t(-3).
-5
Let l(f) = 15*f + 11. Calculate l(-1).
-4
Let f(z) = 14*z - 98. What is f(7)?
0
Let b(z) = -2*z - 29. Give b(-12).
-5
Let r(u) = 2*u + 104. What is r(-36)?
32
Let h(f) = 16*f - 8. What is h(-1)?
-24
Let h(q) = -5*q**3 + q**2 + 5*q + 5. Give h(-1).
6
Let r(z) = -z**3 + 2*z**2 + z - 1. Give r(2).
1
Let r(b) = -b**3 - b**2 + 5*b - 3. Determine r(3).
-24
Let a(d) = 3*d + 13. Determine a(-2).
7
Let a(v) = -v**2 - 5*v + 8. Calculate a(-8).
-16
Let h(w) = -w**2 + 2*w + 6. What is h(-4)?
-18
Let f(h) = 2*h - 8. Give f(-5).
-18
Let y(w) = -w**3 + 5*w**2 + 35*w + 16. Determine y(9).
7
Let h(l) = l - 49. Give h(26).
-23
Let z(g) = 8*g - 281. Determine z(40).
39
Let f(b) = b**3 + b**2 + b + 12. What is f(-5)?
-93
Let b(a) = a**2 - 4*a - 4. Determine b(6).
8
Let q(l) = l**2 - 59*l + 455. Determine q(50).
5
Let w(g) = g**3 - 2*g**2 + g - 1. Determine w(2).
1
Let w(u) = 9*u + 308. What is w(-37)?
-25
Let j(u) = -2*u**2 - 8*u - 5. Calculate j(-5).
-15
Let q(y) = 4*y**2 + 86*y + 44. Give q(-21).
2
Let l(s) = 2*s**2 - 35*s - 101. Calculate l(20).
-1
Let a(j) = j - 2. Determine a(-6).
-8
Let z(d) = d**2 - 18*d + 71. Give z(11).
-6
Let f(w) = w + 109. Determine f(32).
141
Let h(i) = 6*i**2 - 6*i - 4. Give h(2).
8
Let s(z) = z**3 - 13*z**2 + 12*z - 3. Determine s(12).
-3
Let g(l) = l**3 + 6*l**2 + 16. Give g(-6).
16
Let u(p) = 3*p**2 + 94*p - 56. Calculate u(-32).
8
Let w(b) = b**3 + 17*b**2 + b + 22. Determine w(-17).
5
Let q(y) = 5*y**2 - 6*y + 7. Give q(3).
34
Let z(u) = 4*u**2 + 7*u - 35. Determine z(-6).
67
Let h(u) = 44*u - 78. Calculate h(2).
10
Let m(v) = -3*v - 1. What is m(-5)?
14
Let m(d) = 36*d + 1. Calculate m(1).
37
Let h(g) = g**2 + 13*g + 22. Give h(-11).
0
Let m(y) = -y**3 + 22*y**2 + 22*y + 22. Calculate m(23).
-1
Let w(k) = 2*k**2 + 16*k + 20. What is w(-6)?
-4
Let x(r) = -r**3 + 24*r**2 + 55*r - 76. Determine x(26).
2
Let m(g) = -g**3 - 6*g**2 + 5. Give m(-5).
-20
Let o(x) = -x**2 + 25*x - 9. Determine o(14).
145
Let f(p) = -13*p - 167. Give f(-12).
-11
Let o(d) = -15*d - 79. Calculate o(-9).
56
Let p(b) = b**3 + 3*b**2 - 3*b - 10. What is p(-4)?
-14
Let t(w) = -w**2 - 9*w - 13. Give t(-7).
1
Let b(d) = d**3 - 6*d**2 - d + 2. Calculate b(6).
-4
Let x(i) = -i**3 + 2*i**2 + 63*i + 6. What is x(-7)?
6
Let s(y) = -y**2 + 17*y - 33. What is s(9)?
39
Let b(u) = -u - 19. Determine b(-17).
-2
Let c(r) = r**3 - 9*r**2 + 6*r - 2. Give c(8).
-18
Let k(r) = -2*r**3 - 12*r**2 - 2*r + 9. Calculate k(-6).
21
Let t(w) = 3*w**2 + 13*w - 6. Give t(-5).
4
Let b(g) = -27*g**2 + 4*g + 3. Give b(-1).
-28
Let a(r) = r**3 + 5*r**2 - 12*r - 27. What is a(-6)?
9
Let k(z) = -6*z**3 - 2*z**2 + 6*z - 3. Give k(3).
-165
Let b(a) = -31*a + 279. What is b(9)?
0
Let g(t) = -25*t**2 - t - 1. Calculate g(1).
-27
Let i(w) = -12*w**2 - 4*w + 5. Calculate i(1).
-11
Let l(d) = 2*d - 4. Give l(3).
2
Let n(r) = -15*r + 13. What is n(1)?
-2
Let j(z) = -7*z - 56. Determine j(-9).
7
Let p(s) = -s**3 - s**2 + 2*s - 70. Determine p(0).
-70
Let y(r) = -r**2 - 2*r. Give y(-3).
-3
Let l(z) = -2*z**2 + 21*z - 21. Give l(9).
6
Let z(a) = -a**3 - 6*a**2 + 7*a + 14. What is z(-5)?
-46
Let d(a) = -a**3 - 7*a**2 + 6*a + 3. What is d(-8)?
19
Let i(y) = 3*y**2 + 41*y + 24. Calculate i(-13).
-2
Let w(g) = g**2 - 10*g - 41. Give w(11).
-30
Let q(i) = -i**3 + 14*i**2 - 57*i + 24. What is q(7)?
-32
Let i(p) = p**3 - 12*p**2 + 9*p + 4. Give i(11).
-18
Let v(w) = 2*w**2 - 30*w - 27. Give v(14).
-55
Let f(s) = s**3 + 8*s**2 + 6*s - 10. Determine f(-7).
-3
Let g(c) = 18*c**3 - 5*c**2 + 6*c - 3. Calculate g(1).
16
Let m(p) = p**3 + 5*p**2 + 2*p - 1. Give m(-3).
11
Let i(s) = -s**3 + 2*s**2 - 4*s + 2. Give i(2).
-6
Let k(l) = -l**2 + 3*l + 2. What is k(5)?
-8
Let c(l) = -94*l + 98. Determine c(1).
4
Let l(h) = h**2 - 42*h - 80. Determine l(44).
8
Let f(i) = -i**2 - 3*i + 13. Give f(-5).
3
Let u(k) = -k**3 + 11*k**2 - 2*k + 18. Give u(11).
-4
Let w(r) = r**3 + 3*r**2 - 7*r - 1. Calculate w(-4).
11
Let s(l) = -6*l - 13. Give s(-2).
-1
Let x(n) = -n**2 + 2. Give x(-4).
-14
Let p(g) = 2*g**2 - 20*g - 6. What is p(11)?
16
Let c(p) = p**2 + 24*p - 23. Determine c(-18).
-131
Let k(q) = 7*q + 58. Calculate k(-10).
-12
Let l(r) = -5*r - 122. Determine l(-23).
-7
Let v(u) = -u + 2. Calculate v(-5).
7
Let n(i) = i**3 - 11*i**2 - 82*i + 22. What is n(16)?
-10
Let o(b) = -2*b**3 - 3*b**2 + 6. Determine o(-3).
33
Let l(g) = 2*g**3 + 16*g**2 + 6*g + 26. Give l(-8).
-22
Let m(y) = -y**2 - 6*y + 34. Give m(-10).
-6
Let d(p) = 2*p**2 - 13*p + 12. What is d(6)?
6
Let p(h) = -h**2 + 5*h + 7. Give p(-5).
-43
Let y(v) = 7*v - 13. Give y(4).
15
Let g(l) = 17*l**3 - 4*l + 4. Calculate g(1).
17
Let b(y) = 2*y**2 + 51*y - 47. What is b(-26)?
-21
Let u(w) = w**3 - 20*w**2 + 16*w - 46. Calculate u(19).
-103
Let f(n) = -3*n**2 - 4*n + 6. Calculate f(-3).
-9
Let u(o) = -o**3 - 3*o**2 - o - 2. What is u(-2)?
-4
Let l(x) = -4*x**2 - x - 2. Calculate l(4).
-70
Let j(p) = 3*p + 89. What is j(-23)?
20
Let c(w) = -w**3 - 5*w**2 + 2*w - 3. What is c(-6)?
21
Let x(s) = -s - 21. Give x(-23).
2
Let h(t) = t**2 - 6*t + 9. Determine h(2).
1
Let w(x) = 3*x**2 - 4*x + 3. What is w(3)?
18
Let y(k) = -2*k**3 - 15*k**2 - 6*k + 5. Determine y(-7).
-2
Let c(t) = -t + 50. Give c(28).
22
Let j(l) = l**2 - 7*l - 16. Give j(-2).
2
Let o(k) = k**2 + 47*k - 318. What is o(-53)?
0
Let v(w) = 25*w**2 + w - 2. What is v(-2)?
96
Let p(k) = 4*k - 41. Determine p(13).
11
Let z(o) = -2*o**2 - 6*o - 4. Calculate z(-3).
-4
Let c(u) = -u - 43. What is c(-3)?
-40
Let s(d) = -4*d - 19. Determine s(-13).
33
Let n(q) = -3*q**3 - 26*q**2 + 11*q + 3. Determine n(-9).
-15
Let k(r) = 2*r + 60. Calculate k(-23).
14
Let z(t) = 15*t**3 - 1. Give z(1).
14
Let v(g) = -32*g + 86. Determine v(6).
-106
Let w(j) = j**2 - 13*j - 54. Give w(-4).
14
Let q(x) = -43*x. Give q(-1).
43
Let z(f) = -3*f - 35. Calculate z(7).
-56
Let z(b) = -37*b - 3. What is z(-1)?
34
Let c(r) = -2*r**2 + 10*r - 6. Give c(3).
6
Let q(x) = -3*x + 2. What is q(1)?
-1
Let d(n) = 5*n**2 + 4*n - 1. Calculate d(-3).
32
Let q(u) = -2*u**2 + 23*u - 4. Determine q(11).
7
Let y(g) = 10*g + 99. Give y(-12).
-21
Let d(x) = x - 26. Calculate d(0).
-26
Let c(i) = -5*i**2 - 2*i + 4. Calculate c(2).
-20
Let 